{"id":178,"date":"2021-08-04T08:24:26","date_gmt":"2021-08-04T08:24:26","guid":{"rendered":"https:\/\/dev.classic-yachten.de\/?page_id=178"},"modified":"2021-08-09T08:57:49","modified_gmt":"2021-08-09T08:57:49","slug":"rw-99","status":"publish","type":"page","link":"https:\/\/classic-yachten.de\/index.php\/rw-boote\/rw-99\/","title":{"rendered":"RW 9,9"},"content":{"rendered":"\n<p><strong>Technische Daten der RW9,9:<\/strong><\/p>\n\n\n\n<div class=\"wp-block-columns is-layout-flex wp-container-core-columns-is-layout-9d6595d7 wp-block-columns-is-layout-flex\">\n<div class=\"wp-block-column is-layout-flow wp-block-column-is-layout-flow\">\n<div class=\"wp-block-columns is-layout-flex wp-container-core-columns-is-layout-9d6595d7 wp-block-columns-is-layout-flex\">\n<div class=\"wp-block-column is-layout-flow wp-block-column-is-layout-flow\">\n<p>L\u00e4nge \u00fcber alles<br>Breite \u00fcber alles<br>Tiefgang Standard<br>L\u00e4nge in der KWL<br>Leergewicht ca.<br>Holzrigg<br>Gro\u00dfsegel<br>Fock (Genua 1)<\/p>\n<\/div>\n\n\n\n<div class=\"wp-block-column is-layout-flow wp-block-column-is-layout-flow\">\n<p>9,90m<br>1,85 m<br>1,30 m<br>7,20 m<br>900 kg<br>7 \/ 8 Takelung<br>17,50 m\u00b2<br>18,50 m\u00b2<\/p>\n<\/div>\n<\/div>\n<\/div>\n\n\n\n<div class=\"wp-block-column is-layout-flow wp-block-column-is-layout-flow\">\n<figure class=\"wp-block-image size-full\"><img loading=\"lazy\" decoding=\"async\" width=\"300\" height=\"150\" src=\"https:\/\/classic-yachten.de\/wp-content\/uploads\/2021\/08\/RW99.jpg\" alt=\"RW 9,9 Segel\" class=\"wp-image-442\" srcset=\"https:\/\/classic-yachten.de\/wp-content\/uploads\/2021\/08\/RW99.jpg 300w, https:\/\/classic-yachten.de\/wp-content\/uploads\/2021\/08\/RW99-120x60.jpg 120w\" sizes=\"auto, (max-width: 300px) 100vw, 300px\" \/><\/figure>\n<\/div>\n<\/div>\n\n\n\n<p>Eine offene Kielyacht der besonderen Art, deren bestechend eleganten Linien jeden Liebhaber klassischer Bootsformen begeistert.<\/p>\n\n\n\n<p>Die RW 9,9 ist von seinen Abmessungen und Proportionen stark an die Sonderklasse, besser bekannt als L-Boot, angelehnt. Dieser Bootstyp feierte in Juni 2014 sein&nbsp;100 j\u00e4hriges Jubil\u00e4um.<\/p>\n\n\n\n<p>Bei der RW 9,9 wurde die Sch\u00f6nheit des Mahagoni-Innenausbaus mit dem modernen Pflegekomfort eines GFK-Rumpfes sowie dem modernen Unterwasserschiff hervorragend kombiniert. F\u00fcr Klassikerpuristen bieten wir die RW 9,9 aber auch in einer Langkielversion an.<\/p>\n\n\n\n<p>Die schlanke Form l\u00e4sst die RW 9,9 weich in die Welle laufen. Der hohe Ballastanteil und der tiefe Schwerpunkt des Kiels, macht die agile Kielyacht sehr sicher.<\/p>\n\n\n\n<p>Moderne Technik:<\/p>\n\n\n\n<p>Nachdem fr\u00fcher alle RW\u2013Boote in Polyester gebaut wurden, haben wir im Dezember 2014 den ersten Rumpf in Epoxy hergestellt. &nbsp;Alle folgenden R\u00fcmpfe werden ausschlie\u00dflich im modernen Vakuuminfusionsverfahren produziert.<\/p>\n\n\n\n<p>Wir erreichen damit neben Stabilit\u00e4tsvorteilen eine Gewichtsersparnis von bis zu 35%.<\/p>\n\n\n\n<p>Dadurch k\u00f6nnen wir den Ballastanteil nochmals erh\u00f6hen, wodurch sich nat\u00fcrlich die Segeleigenschaften deutlich verbessern.\u00a0<\/p>\n\n\n\n<hr class=\"wp-block-separator\"\/>\n\n\n\n<p><strong>RW9,9&nbsp; offene Kielyacht<\/strong><\/p>\n\n\n\n<p><img loading=\"lazy\" decoding=\"async\" width=\"10\" height=\"10\" src=\"http:\/\/www.classic-yachten.de\/media\/bilder\/kreuz.gif\" alt=\"\">&nbsp;GFK- Rumpfschale im Handauflegeverfahren hergestellt, Rumpffarbe blau<\/p>\n\n\n\n<p><img loading=\"lazy\" decoding=\"async\" width=\"10\" height=\"10\" src=\"http:\/\/www.classic-yachten.de\/media\/bilder\/kreuz.gif\" alt=\"\">&nbsp;Unterwasserschiff&nbsp; grundiert f\u00fcr Antifoulinganstrich<\/p>\n\n\n\n<p><img loading=\"lazy\" decoding=\"async\" width=\"10\" height=\"10\" src=\"http:\/\/www.classic-yachten.de\/media\/bilder\/kreuz.gif\" alt=\"\">&nbsp;Kielflosse Nirosta mit Bleif\u00fcllung<\/p>\n\n\n\n<p><img loading=\"lazy\" decoding=\"async\" width=\"10\" height=\"10\" src=\"http:\/\/www.classic-yachten.de\/media\/bilder\/kreuz.gif\" alt=\"\">&nbsp;vorbalanciertes Spatenruder<\/p>\n\n\n\n<p><img loading=\"lazy\" decoding=\"async\" width=\"10\" height=\"10\" src=\"http:\/\/www.classic-yachten.de\/media\/bilder\/kreuz.gif\" alt=\"\">&nbsp;Sperrholzdeck auf Decksbalken wahlweise in Mahagoni lackiert oder Teak ge\u00f6lt<\/p>\n\n\n\n<p><img loading=\"lazy\" decoding=\"async\" width=\"10\" height=\"10\" src=\"http:\/\/www.classic-yachten.de\/media\/bilder\/kreuz.gif\" alt=\"\">&nbsp;Scheuerleiste und Fu\u00dfreling in Mahagoni lackiert oder Teak ge\u00f6lt<\/p>\n\n\n\n<p><img loading=\"lazy\" decoding=\"async\" width=\"10\" height=\"10\" src=\"http:\/\/www.classic-yachten.de\/media\/bilder\/kreuz.gif\" alt=\"\">&nbsp;Cockpitboden Teak ge\u00f6lt<\/p>\n\n\n\n<p><img loading=\"lazy\" decoding=\"async\" width=\"10\" height=\"10\" src=\"http:\/\/www.classic-yachten.de\/media\/bilder\/kreuz.gif\" alt=\"\">&nbsp;beidseitig durchgehende Schwalbennester im Cockpit<\/p>\n\n\n\n<p><img loading=\"lazy\" decoding=\"async\" width=\"10\" height=\"10\" src=\"http:\/\/www.classic-yachten.de\/media\/bilder\/kreuz.gif\" alt=\"\">&nbsp;Wegerung an den sichtbaren Rumpfinnenschalen im Cockpit<\/p>\n\n\n\n<p><img loading=\"lazy\" decoding=\"async\" width=\"10\" height=\"10\" src=\"http:\/\/www.classic-yachten.de\/media\/bilder\/kreuz.gif\" alt=\"\">&nbsp;Cockpits\u00fcll sowie div. senkrechte Aufbauten und Schotten Mahagoni klar lackiert<\/p>\n\n\n\n<p><img loading=\"lazy\" decoding=\"async\" width=\"10\" height=\"10\" src=\"http:\/\/www.classic-yachten.de\/media\/bilder\/kreuz.gif\" alt=\"\">&nbsp;Cockpit durchgehendend oder geteilt<\/p>\n\n\n\n<p><img loading=\"lazy\" decoding=\"async\" width=\"10\" height=\"10\" src=\"http:\/\/www.classic-yachten.de\/media\/bilder\/kreuz.gif\" alt=\"\">&nbsp;2 Schotwinschen<\/p>\n\n\n\n<p><img loading=\"lazy\" decoding=\"async\" width=\"10\" height=\"10\" src=\"http:\/\/www.classic-yachten.de\/media\/bilder\/kreuz.gif\" alt=\"\">&nbsp;je 2 Lippkl\u00fcsen am Bug und achtern<\/p>\n\n\n\n<p><img loading=\"lazy\" decoding=\"async\" width=\"10\" height=\"10\" src=\"http:\/\/www.classic-yachten.de\/media\/bilder\/kreuz.gif\" alt=\"\">&nbsp;4 Festmacherklampen<\/p>\n\n\n\n<p><img loading=\"lazy\" decoding=\"async\" width=\"10\" height=\"10\" src=\"http:\/\/www.classic-yachten.de\/media\/bilder\/kreuz.gif\" alt=\"\">&nbsp;Fu\u00dfblock oder Traveller f\u00fcr Gro\u00dfschot<\/p>\n\n\n\n<p><img loading=\"lazy\" decoding=\"async\" width=\"10\" height=\"10\" src=\"http:\/\/www.classic-yachten.de\/media\/bilder\/kreuz.gif\" alt=\"\">&nbsp;Genuaschienen,&nbsp; Rutscher\/Umlenkrollen<\/p>\n\n\n\n<p><img loading=\"lazy\" decoding=\"async\" width=\"10\" height=\"10\" src=\"http:\/\/www.classic-yachten.de\/media\/bilder\/kreuz.gif\" alt=\"\">\u00a0verschiedene Motorisierungen sind m\u00f6glich<\/p>\n\n\n\n<hr class=\"wp-block-separator\"\/>\n\n\n\n<div class=\"wp-block-image\"><figure class=\"aligncenter size-full\"><img loading=\"lazy\" decoding=\"async\" width=\"550\" height=\"367\" src=\"https:\/\/classic-yachten.de\/wp-content\/uploads\/2021\/08\/RW_99_am_Wind.jpg\" alt=\"RW 9,9 am Wind\" class=\"wp-image-445\" srcset=\"https:\/\/classic-yachten.de\/wp-content\/uploads\/2021\/08\/RW_99_am_Wind.jpg 550w, https:\/\/classic-yachten.de\/wp-content\/uploads\/2021\/08\/RW_99_am_Wind-300x200.jpg 300w, https:\/\/classic-yachten.de\/wp-content\/uploads\/2021\/08\/RW_99_am_Wind-90x60.jpg 90w\" sizes=\"auto, (max-width: 550px) 100vw, 550px\" \/><\/figure><\/div>\n\n\n\n<p class=\"has-text-align-center\">Ein sportlicher Day-Sailer, mit extrem langen \u00dcberh\u00e4ngen, pflegeleicht mit rostfreien Metallen incl. Kiel- und Ruderanlage.<br>Die RW 9,9 hat ein Konstruktionsgewicht von ca. 900 kg, mit einem Geschwindigkeitspotential aus Erfahrungswerten bei 3 bft etwa 8-10 Knoten.<br>Die RW 9,9 l\u00e4sst sich hervorragend einhandseglen, kann aber genauso bequem mit bis zu 4 Personen gem\u00fctlich gesegelt werden. Die RW 9,9 ist auch ein Leckerbissen f\u00fcr ambitionierte Regatta-Segler und f\u00fcr Freunde der hohen Geschwindigkeit.<\/p>\n\n\n\n<div class=\"wp-block-image\"><figure class=\"aligncenter size-full\"><img loading=\"lazy\" decoding=\"async\" width=\"550\" height=\"180\" src=\"https:\/\/classic-yachten.de\/wp-content\/uploads\/2021\/08\/RW99_Aufsicht_Deck.jpg\" alt=\"RW 9,9 Deck\" class=\"wp-image-447\" srcset=\"https:\/\/classic-yachten.de\/wp-content\/uploads\/2021\/08\/RW99_Aufsicht_Deck.jpg 550w, https:\/\/classic-yachten.de\/wp-content\/uploads\/2021\/08\/RW99_Aufsicht_Deck-300x98.jpg 300w, https:\/\/classic-yachten.de\/wp-content\/uploads\/2021\/08\/RW99_Aufsicht_Deck-183x60.jpg 183w\" sizes=\"auto, (max-width: 550px) 100vw, 550px\" \/><\/figure><\/div>\n\n\n\n<p class=\"has-text-align-center\">RW 9,9 Aufsicht Deck<\/p>\n\n\n\n<div class=\"wp-block-image\"><figure class=\"aligncenter size-full\"><img loading=\"lazy\" decoding=\"async\" width=\"550\" height=\"180\" src=\"https:\/\/classic-yachten.de\/wp-content\/uploads\/2021\/08\/RW99_Seitenansicht.jpg\" alt=\"RW 9,9 Seitenansicht\" class=\"wp-image-449\" srcset=\"https:\/\/classic-yachten.de\/wp-content\/uploads\/2021\/08\/RW99_Seitenansicht.jpg 550w, https:\/\/classic-yachten.de\/wp-content\/uploads\/2021\/08\/RW99_Seitenansicht-300x98.jpg 300w, https:\/\/classic-yachten.de\/wp-content\/uploads\/2021\/08\/RW99_Seitenansicht-183x60.jpg 183w\" sizes=\"auto, (max-width: 550px) 100vw, 550px\" \/><\/figure><\/div>\n\n\n\n<p class=\"has-text-align-center\">Die RW 9,9, als \u201eRennziege\u201c f\u00fcr Segelfreunde die es wissen wollen, ist auch ein Boot f\u00fcr Liebhaber der extremen Klassik.<\/p>\n","protected":false},"excerpt":{"rendered":"<p>Technische Daten der RW9,9: L\u00e4nge \u00fcber allesBreite \u00fcber allesTiefgang StandardL\u00e4nge in der KWLLeergewicht ca.HolzriggGro\u00dfsegelFock (Genua 1) 9,90m1,85 m1,30 m7,20 m900 kg7 \/ 8 Takelung17,50 m\u00b218,50 m\u00b2 Eine offene Kielyacht der besonderen Art, deren bestechend eleganten Linien jeden Liebhaber klassischer Bootsformen begeistert. Die RW 9,9 ist von seinen Abmessungen und Proportionen stark an die Sonderklasse, besser &hellip; <\/p>\n","protected":false},"author":1,"featured_media":181,"parent":26,"menu_order":36,"comment_status":"closed","ping_status":"closed","template":"","meta":{"footnotes":""},"class_list":["post-178","page","type-page","status-publish","has-post-thumbnail","hentry"],"_links":{"self":[{"href":"https:\/\/classic-yachten.de\/index.php\/wp-json\/wp\/v2\/pages\/178","targetHints":{"allow":["GET"]}}],"collection":[{"href":"https:\/\/classic-yachten.de\/index.php\/wp-json\/wp\/v2\/pages"}],"about":[{"href":"https:\/\/classic-yachten.de\/index.php\/wp-json\/wp\/v2\/types\/page"}],"author":[{"embeddable":true,"href":"https:\/\/classic-yachten.de\/index.php\/wp-json\/wp\/v2\/users\/1"}],"replies":[{"embeddable":true,"href":"https:\/\/classic-yachten.de\/index.php\/wp-json\/wp\/v2\/comments?post=178"}],"version-history":[{"count":7,"href":"https:\/\/classic-yachten.de\/index.php\/wp-json\/wp\/v2\/pages\/178\/revisions"}],"predecessor-version":[{"id":451,"href":"https:\/\/classic-yachten.de\/index.php\/wp-json\/wp\/v2\/pages\/178\/revisions\/451"}],"up":[{"embeddable":true,"href":"https:\/\/classic-yachten.de\/index.php\/wp-json\/wp\/v2\/pages\/26"}],"wp:featuredmedia":[{"embeddable":true,"href":"https:\/\/classic-yachten.de\/index.php\/wp-json\/wp\/v2\/media\/181"}],"wp:attachment":[{"href":"https:\/\/classic-yachten.de\/index.php\/wp-json\/wp\/v2\/media?parent=178"}],"curies":[{"name":"wp","href":"https:\/\/api.w.org\/{rel}","templated":true}]}}